5*c = d - 3*d + 23, -2*c - 5 = -5*d. Let l(a) = -3*a. Let n be l(d). Calculate the highest common factor of 1 and n.
1
Let q be 3/(6/2) - -26. Let m(r) = -r**2 - 4*r + 3. Let w be m(-4). Suppose -15 = -2*p + w. Calculate the greatest common factor of p and q.
9
Let l(m) = -9*m - m - 1 + 2*m. Let g be l(-1). Suppose 0 = k - 2*k + g. What is the greatest common divisor of 56 and k?
7
Let c(u) = 3*u**2. Let r be c(-1). Calculate the highest common factor of 24 and r.
3
Suppose 0 = -0*p + 5*p - 420. Suppose -4*n + 3*n = 5*r - p, 2*r - 3*n - 37 = 0. Calculate the highest common divisor of 51 and r.
17
Let j = 167 + -287. Let n be ((-2)/(-4))/((-5)/j). Suppose -4*q = 2*k - 38, k + 18 = 5*q - n. Calculate the highest common factor of 7 and q.
7
Let r be (-14)/(-6) - 2/6. Let j(g) = 2*g**2 + 2*g. Let k be j(5). Suppose -r*w - k = -3*w. What is the greatest common divisor of 12 and w?
12
Let i = 179 - 119. Suppose -3*d = -i - 36. Calculate the greatest common factor of d and 8.
8
Let u(l) = 15*l**2 + 2*l + 3. Let j be u(-1). Calculate the highest common divisor of 48 and j.
16
Let r be (-44)/110 - (-84)/10. Let b be (4*10)/(1 - 0). What is the greatest common factor of r and b?
8
Let n = 74 + -49. Suppose -r + n = -2. Calculate the highest common factor of r and 189.
27
Suppose -3 - 1 = 4*z, -2*c + 30 = -4*z. What is the highest common divisor of c and 117?
13
Suppose -150 = -4*q - 18. Let a be q + -1 + 2 + 2. What is the highest common factor of a and 9?
9
Let m(z) = z**2 - 5*z - 9. Let h be m(7). Suppose h*w + 0 = 10. Calculate the highest common factor of 5 and w.
1
Let x be (-6)/8 + 38/8. Let s = 2 - 2. Suppose s = 2*z - 0*z - x. Calculate the greatest common factor of z and 22.
2
Suppose -3*x - 21 = -4*x. Calculate the highest common factor of x and 189.
21
Suppose 4*z = 13 + 7. Let u be ((-15)/15)/(2/(-30)). Calculate the highest common factor of z and u.
5
Let l(g) be the second derivative of 0 + g + 2*g**2 - 1/6*g**3. Let p be l(0). Calculate the greatest common factor of p and 20.
4
Let s(j) be the third derivative of -19*j**4/12 - j**3/6 + j**2. Let u be s(-5). Calculate the greatest common divisor of u and 21.
21
Let q = 259 - -126. Suppose 5*u - q = -7*t + 2*t, -t - 5*u + 65 = 0. Calculate the highest common factor of 20 and t.
20
Suppose 5*k - 5*b + 15 = 0, -4*b = 4*k + 13 - 1. Let h be (18/(-12))/(k/224). What is the highest common divisor of h and 14?
14
Suppose 0 = x + 3*p - 32, 3*p + 44 = -5*x + 204. Calculate the greatest common divisor of 80 and x.
16
Let a be (1*80)/(5/10). What is the greatest common divisor of 32 and a?
32
Let q(t) = -t - 338. Let v be q(0). Let l = -178 - v. Let o be 15*(1 + (-1)/(-3)). Calculate the highest common divisor of o and l.
20
Let i(j) = -j**2 + 7*j - 2. Let b be i(4). Let s be 196/10 - 6/(-15). What is the highest common divisor of b and s?
10
Let v = 18 + -6. Calculate the greatest common factor of 36 and v.
12
Let z be 95 - 39/26*(-1 - 1). Suppose 2*x = x - 3, 0 = 2*k - 3*x - 37. Calculate the greatest common factor of k and z.
14
Let s be (-3 + -1)*(-21)/1. Suppose 0 = -5*t + 167 - 7. Let x = -20 + t. Calculate the greatest common divisor of s and x.
12
Let h(w) = -2*w - 22. Let a be h(-11). Suppose 2*f - 7*f + 25 = a. Calculate the highest common divisor of f and 35.
5
Let p = -5 - -8. Suppose u - b - 16 + 0 = 0, 5*u + p*b - 56 = 0. Calculate the highest common divisor of u and 104.
13
Let f(u) = 5*u - 3. Let a be f(3). Let o = -8 - -47. Suppose 5*d - o = 81. What is the highest common factor of a and d?
12
Let y = -31 + 36. Calculate the greatest common factor of 5 and y.
5
Let j(t) = -3*t - 2. Let v be j(-11). Suppose -v + 4 = -u. Suppose 2*r + 5*o = -0*o + 16, -7 = -r - 2*o. What is the highest common divisor of u and r?
3
Let k(h) = -h**3 + 3*h**2 + 2*h + 5. Let y be k(-5). Calculate the highest common factor of 39 and y.
39
Let a(i) = i - 3. Let m be a(-5). Let p(l) = -11*l - 8. Let g be p(m). What is the highest common divisor of g and 10?
10
Let c be ((-4)/(-10)*5)/(1/24). Calculate the highest common divisor of 72 and c.
24
Suppose -3*l = 2*w - 205, 2*l + 2*w - 104 = 36. Calculate the greatest common factor of l and 13.
13
Let k be (48/14)/((-2)/(-14)). Suppose 3 = 5*s + 23. Let u be s/9*-3*27. What is the highest common divisor of k and u?
12
Let q(b) = 31*b + 2. Let d be q(1). Calculate the greatest common factor of d and 66.
33
Suppose 0 = d + 2*d + 4*a - 79, 5*d + 4*a = 145. What is the greatest common factor of 22 and d?
11
Suppose 130 = 5*b - 0*b. What is the highest common divisor of b and 286?
26
Let z(r) = r**3 + 8*r**2 - 7*r + 6. Let t be z(-8). Suppose 5*d = -i + t, -5*d = -4*i + 3*i - 68. What is the highest common factor of d and 117?
13
Suppose 2*d = -g, 3*g + 3*d = -0*g - 15. Let n = g + 17. Let a be (-4 - -3) + 0 + 22. What is the greatest common divisor of n and a?
7
Let t be -3*(-3 + 7)/(-4). What is the greatest common divisor of t and 2?
1
Let a be (-5)/(-2) + (-2)/4. Let x be 229/7 + a/7. Let y(k) = -k**3 - 12*k**2 - 2*k - 2. Let b be y(-12). Calculate the greatest common factor of b and x.
11
Suppose -137 = -4*b + 3*p, -157 = -5*b - 3*p + 2*p. Calculate the greatest common divisor of 48 and b.
16
Suppose 4*t + 3*n = 2, -3*n - 11 = -3*t + 1. Suppose 0 = -0*u + 2*u - t. Let s be (10/(-6))/(u/(-6)). What is the highest common factor of 4 and s?
2
Suppose -3*o = -2*o + x - 6, -3*x = 2*o - 12. Let i = o - -1. What is the greatest common divisor of i and 56?
7
Let z = -218 - -402. What is the highest common factor of 23 and z?
23
Let o = -4 - -20. Suppose -3*q - 63 = -3*x, 0 = -3*x - 2*q + 37 + 41. What is the highest common divisor of o and x?
8
Let n be (-1)/(1/(-20)) - -1. Let f = n + 64. Suppose a = -3*a, -c + 17 = -3*a. Calculate the highest common factor of f and c.
17
Let l be (-1 - -5)/(-16 + 17). Let o = 3 + 4. Let c(q) = -q + 8. Let z be c(o). What is the greatest common divisor of z and l?
1
Let j be 12/(-3) - (-45)/5. What is the greatest common factor of j and 10?
5
Let x be 444/22 - 10/55. Calculate the highest common factor of 15 and x.
5
Suppose 5*u - 4*s = 52, -2*s + 56 = 4*u + 2*s. Calculate the highest common divisor of 84 and u.
12
Suppose 3*q - 3*o = 24, -6 = 3*q - 5*o - 24. Let h be (0 - -7)/(3/33). What is the greatest common factor of h and q?
11
Suppose -i = -5*y - 20, 2*i - 19 = 5*y + 1. Suppose -5 = -i*x - x, 3*u = x + 13. What is the highest common divisor of 42 and u?
6
Suppose -50 = -5*p + 85. Suppose 5*o - p - 23 = 0. Let d be 10*2*2/4. Calculate the greatest common factor of d and o.
10
Suppose -4*r - 6 = d, 2*r = -1 - 1. Let n be 11 + 3*d/(-2). Calculate the greatest common divisor of 154 and n.
14
Suppose 6*t - 48 = -2*t. Calculate the highest common factor of t and 48.
6
Suppose 0 = -16*o + 14*o. Suppose o = -0*f - 3*f + 48. Calculate the highest common divisor of f and 4.
4
Let q(m) = -m**3 - 2*m**2 - m + 3. Let k be q(-4). What is the greatest common divisor of k and 26?
13
Let s = -48 + 169. What is the greatest common divisor of s and 11?
11
Let r be (-2*(-45)/(-25))/((-2)/5). What is the highest common divisor of r and 99?
9
Suppose 0 = -5*h + 4*h. Suppose -5 = -2*d + t + 6, -d + 5*t + 28 = h. Suppose o = 3*b - 1, b = d*o + 3*b - 52. What is the greatest common divisor of 14 and o?
14
Let m = 98 + -78. Calculate the highest common divisor of 15 and m.
5
Let c(p) = p**3 + 9*p**2 + p + 2. Let g = 15 - 22. Let h be c(g). What is the highest common divisor of 31 and h?
31
Suppose -3*n - 13 = -64. What is the highest common divisor of n and 85?
17
Suppose -132 = -102*c + 99*c. Calculate the greatest common factor of c and 4.
4
Let v = 3 - 0. Let g be v + (-1)/(-2)*2. Let a be 6/g*(-2 - -32). Calculate the highest common factor of a and 18.
9
Let h be (-12)/(-9)*6/4. Let k = -4 - -18. What is the highest common factor of h and k?
2
Let q(n) = 6*n**2 - 5*n + 4. Let m be q(2). What is the highest common divisor of m and 45?
9
Let b be 8 - 3 - (3 - 2). Let n(l) = -5 + 3 + l**3 + 7*l**2 + 3 + 3*l. Let x be n(-5). What is the greatest common factor of b and x?
4
Let h(j) = j + 11. Let x be h(0). Let y(s) = 6*s**2 - 10*s - 37. Let c be y(-4). Calculate the highest common divisor of c and x.
11
Let h(n) = -9*n**2 - 9. Let z(a) = a**3 + a**2 -